{"id":266,"date":"2013-12-10T14:22:38","date_gmt":"2013-12-10T13:22:38","guid":{"rendered":"http:\/\/www.rsb.musin.de\/wordpress\/mediation-2\/"},"modified":"2013-12-10T14:22:38","modified_gmt":"2013-12-10T13:22:38","slug":"mediation-2","status":"publish","type":"page","link":"https:\/\/rsb.musin.de\/wordpress\/mediation-2\/","title":{"rendered":"Mediation"},"content":{"rendered":"<p>Das Wort \u201eMediation&#8221; bedeutet \u201eVermittlung&#8221; und fasst alle Aktivit\u00e4ten zur (Streit-)schlichtung an unserer Schule zusammen.<\/p>\n<p style=\"margin-bottom: 0.0001pt; line-height: normal;\">&nbsp;<\/p>\n<p style=\"margin-bottom: 0.0001pt; line-height: normal;\"><img decoding=\"async\" class=\" alignright size-full wp-image-259\" style=\"margin: 10px; float: right;\" src=\"http:\/\/www.rsb.musin.de\/wordpress\/wp-content\/uploads\/2013\/12\/streitschlichter-t-shirt.png\" alt=\"streitschlichter-t-shirt\" width=\"192\" height=\"234\" \/><\/p>\n<p>Die ausgebildeten Mediatoren helfen Sch\u00fclern und Sch\u00fclerinnen in Streitsituationen wieder miteinander ins Gespr\u00e4ch zu kommen. Sie unterst\u00fctzen die Konfliktparteien, eine f\u00fcr beide Seiten annehmbare L\u00f6sung zu finden. Grunds\u00e4tzlich sind Mediatoren \u201eallparteilich&#8221; und nur f\u00fcr den Ablauf verantwortlich.<\/p>\n<p><img fetchpriority=\"high\" decoding=\"async\" class=\" size-full wp-image-260\" src=\"http:\/\/www.rsb.musin.de\/wordpress\/wp-content\/uploads\/2013\/12\/DSC_4658.JPG\" alt=\"DSC 4658\" width=\"322\" height=\"216\" srcset=\"https:\/\/rsb.musin.de\/wordpress\/wp-content\/uploads\/2013\/12\/DSC_4658.JPG 800w, https:\/\/rsb.musin.de\/wordpress\/wp-content\/uploads\/2013\/12\/DSC_4658-300x201.jpg 300w, https:\/\/rsb.musin.de\/wordpress\/wp-content\/uploads\/2013\/12\/DSC_4658-768x515.jpg 768w\" sizes=\"(max-width: 322px) 100vw, 322px\" \/><\/p>\n<p>Bisher bestand unser Streitschlichtungsteam aus neun Sch\u00fclerInnen der 7ten bis 9ten Klassen. Im Februar sind weitere sieben Sch\u00fclerinnen und Sch\u00fcler aus den 6ten und 7ten Klassen in einem ersten Kurs zu Mediatoren ausgebildet worden und verst\u00e4rken jetzt das Team.<\/p>\n<p><img decoding=\"async\" class=\" size-full wp-image-261\" src=\"http:\/\/www.rsb.musin.de\/wordpress\/wp-content\/uploads\/2013\/12\/DSC_4617.JPG\" alt=\"DSC 4617\" width=\"319\" height=\"214\" srcset=\"https:\/\/rsb.musin.de\/wordpress\/wp-content\/uploads\/2013\/12\/DSC_4617.JPG 800w, https:\/\/rsb.musin.de\/wordpress\/wp-content\/uploads\/2013\/12\/DSC_4617-300x201.jpg 300w, https:\/\/rsb.musin.de\/wordpress\/wp-content\/uploads\/2013\/12\/DSC_4617-768x515.jpg 768w\" sizes=\"(max-width: 319px) 100vw, 319px\" \/><\/p>\n<p>&nbsp;<\/p>\n<p><img loading=\"lazy\" decoding=\"async\" class=\" size-full wp-image-262\" src=\"http:\/\/www.rsb.musin.de\/wordpress\/wp-content\/uploads\/2013\/12\/DSC_1186.JPG\" alt=\"DSC 1186\" width=\"800\" height=\"536\" srcset=\"https:\/\/rsb.musin.de\/wordpress\/wp-content\/uploads\/2013\/12\/DSC_1186.JPG 800w, https:\/\/rsb.musin.de\/wordpress\/wp-content\/uploads\/2013\/12\/DSC_1186-300x201.jpg 300w, https:\/\/rsb.musin.de\/wordpress\/wp-content\/uploads\/2013\/12\/DSC_1186-768x515.jpg 768w\" sizes=\"(max-width: 800px) 100vw, 800px\" \/><\/p>\n<p><img loading=\"lazy\" decoding=\"async\" class=\" size-full wp-image-263\" src=\"http:\/\/www.rsb.musin.de\/wordpress\/wp-content\/uploads\/2013\/12\/DSC_1189.JPG\" alt=\"DSC 1189\" width=\"800\" height=\"536\" srcset=\"https:\/\/rsb.musin.de\/wordpress\/wp-content\/uploads\/2013\/12\/DSC_1189.JPG 800w, https:\/\/rsb.musin.de\/wordpress\/wp-content\/uploads\/2013\/12\/DSC_1189-300x201.jpg 300w, https:\/\/rsb.musin.de\/wordpress\/wp-content\/uploads\/2013\/12\/DSC_1189-768x515.jpg 768w\" sizes=\"(max-width: 800px) 100vw, 800px\" \/><\/p>\n<p><img loading=\"lazy\" decoding=\"async\" class=\" size-full wp-image-264\" src=\"http:\/\/www.rsb.musin.de\/wordpress\/wp-content\/uploads\/2013\/12\/DSC_1199.JPG\" alt=\"DSC 1199\" width=\"800\" height=\"536\" srcset=\"https:\/\/rsb.musin.de\/wordpress\/wp-content\/uploads\/2013\/12\/DSC_1199.JPG 800w, https:\/\/rsb.musin.de\/wordpress\/wp-content\/uploads\/2013\/12\/DSC_1199-300x201.jpg 300w, https:\/\/rsb.musin.de\/wordpress\/wp-content\/uploads\/2013\/12\/DSC_1199-768x515.jpg 768w\" sizes=\"(max-width: 800px) 100vw, 800px\" \/><img loading=\"lazy\" decoding=\"async\" class=\" size-full wp-image-265\" src=\"http:\/\/www.rsb.musin.de\/wordpress\/wp-content\/uploads\/2013\/12\/DSC_1209.JPG\" alt=\"DSC 1209\" width=\"800\" height=\"536\" srcset=\"https:\/\/rsb.musin.de\/wordpress\/wp-content\/uploads\/2013\/12\/DSC_1209.JPG 800w, https:\/\/rsb.musin.de\/wordpress\/wp-content\/uploads\/2013\/12\/DSC_1209-300x201.jpg 300w, https:\/\/rsb.musin.de\/wordpress\/wp-content\/uploads\/2013\/12\/DSC_1209-768x515.jpg 768w\" sizes=\"(max-width: 800px) 100vw, 800px\" \/><\/p>\n<p>&nbsp;<\/p>\n","protected":false},"excerpt":{"rendered":"<p>Das Wort \u201eMediation&#8221; bedeutet \u201eVermittlung&#8221; und fasst alle Aktivit\u00e4ten zur (Streit-)schlichtung an unserer Schule zusammen. &nbsp; Die ausgebildeten Mediatoren helfen Sch\u00fclern und Sch\u00fclerinnen in Streitsituationen wieder miteinander ins Gespr\u00e4ch zu kommen. Sie unterst\u00fctzen die Konfliktparteien, eine f\u00fcr beide Seiten annehmbare L\u00f6sung zu finden. Grunds\u00e4tzlich sind Mediatoren \u201eallparteilich&#8221; und nur f\u00fcr den Ablauf verantwortlich. Bisher bestand [&hellip;]<\/p>\n","protected":false},"author":1,"featured_media":259,"parent":0,"menu_order":22,"comment_status":"closed","ping_status":"closed","template":"","meta":{"ocean_post_layout":"","ocean_both_sidebars_style":"","ocean_both_sidebars_content_width":0,"ocean_both_sidebars_sidebars_width":0,"ocean_sidebar":"","ocean_second_sidebar":"","ocean_disable_margins":"enable","ocean_add_body_class":"","ocean_shortcode_before_top_bar":"","ocean_shortcode_after_top_bar":"","ocean_shortcode_before_header":"","ocean_shortcode_after_header":"","ocean_has_shortcode":"","ocean_shortcode_after_title":"","ocean_shortcode_before_footer_widgets":"","ocean_shortcode_after_footer_widgets":"","ocean_shortcode_before_footer_bottom":"","ocean_shortcode_after_footer_bottom":"","ocean_display_top_bar":"default","ocean_display_header":"default","ocean_header_style":"","ocean_center_header_left_menu":"","ocean_custom_header_template":"","ocean_custom_logo":0,"ocean_custom_retina_logo":0,"ocean_custom_logo_max_width":0,"ocean_custom_logo_tablet_max_width":0,"ocean_custom_logo_mobile_max_width":0,"ocean_custom_logo_max_height":0,"ocean_custom_logo_tablet_max_height":0,"ocean_custom_logo_mobile_max_height":0,"ocean_header_custom_menu":"","ocean_menu_typo_font_family":"","ocean_menu_typo_font_subset":"","ocean_menu_typo_font_size":0,"ocean_menu_typo_font_size_tablet":0,"ocean_menu_typo_font_size_mobile":0,"ocean_menu_typo_font_size_unit":"px","ocean_menu_typo_font_weight":"","ocean_menu_typo_font_weight_tablet":"","ocean_menu_typo_font_weight_mobile":"","ocean_menu_typo_transform":"","ocean_menu_typo_transform_tablet":"","ocean_menu_typo_transform_mobile":"","ocean_menu_typo_line_height":0,"ocean_menu_typo_line_height_tablet":0,"ocean_menu_typo_line_height_mobile":0,"ocean_menu_typo_line_height_unit":"","ocean_menu_typo_spacing":0,"ocean_menu_typo_spacing_tablet":0,"ocean_menu_typo_spacing_mobile":0,"ocean_menu_typo_spacing_unit":"","ocean_menu_link_color":"","ocean_menu_link_color_hover":"","ocean_menu_link_color_active":"","ocean_menu_link_background":"","ocean_menu_link_hover_background":"","ocean_menu_link_active_background":"","ocean_menu_social_links_bg":"","ocean_menu_social_hover_links_bg":"","ocean_menu_social_links_color":"","ocean_menu_social_hover_links_color":"","ocean_disable_title":"default","ocean_disable_heading":"default","ocean_post_title":"","ocean_post_subheading":"","ocean_post_title_style":"","ocean_post_title_background_color":"","ocean_post_title_background":0,"ocean_post_title_bg_image_position":"","ocean_post_title_bg_image_attachment":"","ocean_post_title_bg_image_repeat":"","ocean_post_title_bg_image_size":"","ocean_post_title_height":0,"ocean_post_title_bg_overlay":0.5,"ocean_post_title_bg_overlay_color":"","ocean_disable_breadcrumbs":"default","ocean_breadcrumbs_color":"","ocean_breadcrumbs_separator_color":"","ocean_breadcrumbs_links_color":"","ocean_breadcrumbs_links_hover_color":"","ocean_display_footer_widgets":"default","ocean_display_footer_bottom":"default","ocean_custom_footer_template":"","footnotes":""},"class_list":["post-266","page","type-page","status-publish","has-post-thumbnail","hentry","entry","has-media"],"yoast_head":"<!-- This site is optimized with the Yoast SEO plugin v26.7 - https:\/\/yoast.com\/wordpress\/plugins\/seo\/ -->\n<title>Mediation - Realschule an der Blutenburg<\/title>\n<meta name=\"robots\" content=\"index, follow, max-snippet:-1, max-image-preview:large, max-video-preview:-1\" \/>\n<link rel=\"canonical\" href=\"https:\/\/rsb.musin.de\/wordpress\/mediation-2\/\" \/>\n<meta property=\"og:locale\" content=\"de_DE\" \/>\n<meta property=\"og:type\" content=\"article\" \/>\n<meta property=\"og:title\" content=\"Mediation - Realschule an der Blutenburg\" \/>\n<meta property=\"og:description\" content=\"Das Wort \u201eMediation&#8221; bedeutet \u201eVermittlung&#8221; und fasst alle Aktivit\u00e4ten zur (Streit-)schlichtung an unserer Schule zusammen. &nbsp; Die ausgebildeten Mediatoren helfen Sch\u00fclern und Sch\u00fclerinnen in Streitsituationen wieder miteinander ins Gespr\u00e4ch zu kommen. Sie unterst\u00fctzen die Konfliktparteien, eine f\u00fcr beide Seiten annehmbare L\u00f6sung zu finden. Grunds\u00e4tzlich sind Mediatoren \u201eallparteilich&#8221; und nur f\u00fcr den Ablauf verantwortlich. Bisher bestand [&hellip;]\" \/>\n<meta property=\"og:url\" content=\"https:\/\/rsb.musin.de\/wordpress\/mediation-2\/\" \/>\n<meta property=\"og:site_name\" content=\"Realschule an der Blutenburg\" \/>\n<meta property=\"og:image\" content=\"https:\/\/rsb.musin.de\/wordpress\/wp-content\/uploads\/2013\/12\/streitschlichter-t-shirt.png\" \/>\n\t<meta property=\"og:image:width\" content=\"240\" \/>\n\t<meta property=\"og:image:height\" content=\"293\" \/>\n\t<meta property=\"og:image:type\" content=\"image\/png\" \/>\n<meta name=\"twitter:card\" content=\"summary_large_image\" \/>\n<meta name=\"twitter:label1\" content=\"Gesch\u00e4tzte Lesezeit\" \/>\n\t<meta name=\"twitter:data1\" content=\"1\u00a0Minute\" \/>\n<script type=\"application\/ld+json\" class=\"yoast-schema-graph\">{\"@context\":\"https:\/\/schema.org\",\"@graph\":[{\"@type\":\"WebPage\",\"@id\":\"https:\/\/rsb.musin.de\/wordpress\/mediation-2\/\",\"url\":\"https:\/\/rsb.musin.de\/wordpress\/mediation-2\/\",\"name\":\"Mediation - Realschule an der Blutenburg\",\"isPartOf\":{\"@id\":\"https:\/\/rsb.musin.de\/wordpress\/#website\"},\"primaryImageOfPage\":{\"@id\":\"https:\/\/rsb.musin.de\/wordpress\/mediation-2\/#primaryimage\"},\"image\":{\"@id\":\"https:\/\/rsb.musin.de\/wordpress\/mediation-2\/#primaryimage\"},\"thumbnailUrl\":\"https:\/\/rsb.musin.de\/wordpress\/wp-content\/uploads\/2013\/12\/streitschlichter-t-shirt.png\",\"datePublished\":\"2013-12-10T13:22:38+00:00\",\"breadcrumb\":{\"@id\":\"https:\/\/rsb.musin.de\/wordpress\/mediation-2\/#breadcrumb\"},\"inLanguage\":\"de\",\"potentialAction\":[{\"@type\":\"ReadAction\",\"target\":[\"https:\/\/rsb.musin.de\/wordpress\/mediation-2\/\"]}]},{\"@type\":\"ImageObject\",\"inLanguage\":\"de\",\"@id\":\"https:\/\/rsb.musin.de\/wordpress\/mediation-2\/#primaryimage\",\"url\":\"https:\/\/rsb.musin.de\/wordpress\/wp-content\/uploads\/2013\/12\/streitschlichter-t-shirt.png\",\"contentUrl\":\"https:\/\/rsb.musin.de\/wordpress\/wp-content\/uploads\/2013\/12\/streitschlichter-t-shirt.png\",\"width\":240,\"height\":293,\"caption\":\"streitschlichter-t-shirt\"},{\"@type\":\"BreadcrumbList\",\"@id\":\"https:\/\/rsb.musin.de\/wordpress\/mediation-2\/#breadcrumb\",\"itemListElement\":[{\"@type\":\"ListItem\",\"position\":1,\"name\":\"Startseite\",\"item\":\"https:\/\/rsb.musin.de\/wordpress\/\"},{\"@type\":\"ListItem\",\"position\":2,\"name\":\"Mediation\"}]},{\"@type\":\"WebSite\",\"@id\":\"https:\/\/rsb.musin.de\/wordpress\/#website\",\"url\":\"https:\/\/rsb.musin.de\/wordpress\/\",\"name\":\"Realschule an der Blutenburg\",\"description\":\"Realschule im M\u00fcnchner Westen\",\"publisher\":{\"@id\":\"https:\/\/rsb.musin.de\/wordpress\/#organization\"},\"potentialAction\":[{\"@type\":\"SearchAction\",\"target\":{\"@type\":\"EntryPoint\",\"urlTemplate\":\"https:\/\/rsb.musin.de\/wordpress\/?s={search_term_string}\"},\"query-input\":{\"@type\":\"PropertyValueSpecification\",\"valueRequired\":true,\"valueName\":\"search_term_string\"}}],\"inLanguage\":\"de\"},{\"@type\":\"Organization\",\"@id\":\"https:\/\/rsb.musin.de\/wordpress\/#organization\",\"name\":\"Realschule an der Blutenburg\",\"url\":\"https:\/\/rsb.musin.de\/wordpress\/\",\"logo\":{\"@type\":\"ImageObject\",\"inLanguage\":\"de\",\"@id\":\"https:\/\/rsb.musin.de\/wordpress\/#\/schema\/logo\/image\/\",\"url\":\"http:\/\/www.rsb.musin.de\/wordpress\/wp-content\/uploads\/2022\/01\/favicon.png\",\"contentUrl\":\"http:\/\/www.rsb.musin.de\/wordpress\/wp-content\/uploads\/2022\/01\/favicon.png\",\"width\":180,\"height\":180,\"caption\":\"Realschule an der Blutenburg\"},\"image\":{\"@id\":\"https:\/\/rsb.musin.de\/wordpress\/#\/schema\/logo\/image\/\"}}]}<\/script>\n<!-- \/ Yoast SEO plugin. -->","yoast_head_json":{"title":"Mediation - Realschule an der Blutenburg","robots":{"index":"index","follow":"follow","max-snippet":"max-snippet:-1","max-image-preview":"max-image-preview:large","max-video-preview":"max-video-preview:-1"},"canonical":"https:\/\/rsb.musin.de\/wordpress\/mediation-2\/","og_locale":"de_DE","og_type":"article","og_title":"Mediation - Realschule an der Blutenburg","og_description":"Das Wort \u201eMediation&#8221; bedeutet \u201eVermittlung&#8221; und fasst alle Aktivit\u00e4ten zur (Streit-)schlichtung an unserer Schule zusammen. &nbsp; Die ausgebildeten Mediatoren helfen Sch\u00fclern und Sch\u00fclerinnen in Streitsituationen wieder miteinander ins Gespr\u00e4ch zu kommen. Sie unterst\u00fctzen die Konfliktparteien, eine f\u00fcr beide Seiten annehmbare L\u00f6sung zu finden. Grunds\u00e4tzlich sind Mediatoren \u201eallparteilich&#8221; und nur f\u00fcr den Ablauf verantwortlich. Bisher bestand [&hellip;]","og_url":"https:\/\/rsb.musin.de\/wordpress\/mediation-2\/","og_site_name":"Realschule an der Blutenburg","og_image":[{"width":240,"height":293,"url":"https:\/\/rsb.musin.de\/wordpress\/wp-content\/uploads\/2013\/12\/streitschlichter-t-shirt.png","type":"image\/png"}],"twitter_card":"summary_large_image","twitter_misc":{"Gesch\u00e4tzte Lesezeit":"1\u00a0Minute"},"schema":{"@context":"https:\/\/schema.org","@graph":[{"@type":"WebPage","@id":"https:\/\/rsb.musin.de\/wordpress\/mediation-2\/","url":"https:\/\/rsb.musin.de\/wordpress\/mediation-2\/","name":"Mediation - Realschule an der Blutenburg","isPartOf":{"@id":"https:\/\/rsb.musin.de\/wordpress\/#website"},"primaryImageOfPage":{"@id":"https:\/\/rsb.musin.de\/wordpress\/mediation-2\/#primaryimage"},"image":{"@id":"https:\/\/rsb.musin.de\/wordpress\/mediation-2\/#primaryimage"},"thumbnailUrl":"https:\/\/rsb.musin.de\/wordpress\/wp-content\/uploads\/2013\/12\/streitschlichter-t-shirt.png","datePublished":"2013-12-10T13:22:38+00:00","breadcrumb":{"@id":"https:\/\/rsb.musin.de\/wordpress\/mediation-2\/#breadcrumb"},"inLanguage":"de","potentialAction":[{"@type":"ReadAction","target":["https:\/\/rsb.musin.de\/wordpress\/mediation-2\/"]}]},{"@type":"ImageObject","inLanguage":"de","@id":"https:\/\/rsb.musin.de\/wordpress\/mediation-2\/#primaryimage","url":"https:\/\/rsb.musin.de\/wordpress\/wp-content\/uploads\/2013\/12\/streitschlichter-t-shirt.png","contentUrl":"https:\/\/rsb.musin.de\/wordpress\/wp-content\/uploads\/2013\/12\/streitschlichter-t-shirt.png","width":240,"height":293,"caption":"streitschlichter-t-shirt"},{"@type":"BreadcrumbList","@id":"https:\/\/rsb.musin.de\/wordpress\/mediation-2\/#breadcrumb","itemListElement":[{"@type":"ListItem","position":1,"name":"Startseite","item":"https:\/\/rsb.musin.de\/wordpress\/"},{"@type":"ListItem","position":2,"name":"Mediation"}]},{"@type":"WebSite","@id":"https:\/\/rsb.musin.de\/wordpress\/#website","url":"https:\/\/rsb.musin.de\/wordpress\/","name":"Realschule an der Blutenburg","description":"Realschule im M\u00fcnchner Westen","publisher":{"@id":"https:\/\/rsb.musin.de\/wordpress\/#organization"},"potentialAction":[{"@type":"SearchAction","target":{"@type":"EntryPoint","urlTemplate":"https:\/\/rsb.musin.de\/wordpress\/?s={search_term_string}"},"query-input":{"@type":"PropertyValueSpecification","valueRequired":true,"valueName":"search_term_string"}}],"inLanguage":"de"},{"@type":"Organization","@id":"https:\/\/rsb.musin.de\/wordpress\/#organization","name":"Realschule an der Blutenburg","url":"https:\/\/rsb.musin.de\/wordpress\/","logo":{"@type":"ImageObject","inLanguage":"de","@id":"https:\/\/rsb.musin.de\/wordpress\/#\/schema\/logo\/image\/","url":"http:\/\/www.rsb.musin.de\/wordpress\/wp-content\/uploads\/2022\/01\/favicon.png","contentUrl":"http:\/\/www.rsb.musin.de\/wordpress\/wp-content\/uploads\/2022\/01\/favicon.png","width":180,"height":180,"caption":"Realschule an der Blutenburg"},"image":{"@id":"https:\/\/rsb.musin.de\/wordpress\/#\/schema\/logo\/image\/"}}]}},"_links":{"self":[{"href":"https:\/\/rsb.musin.de\/wordpress\/wp-json\/wp\/v2\/pages\/266","targetHints":{"allow":["GET"]}}],"collection":[{"href":"https:\/\/rsb.musin.de\/wordpress\/wp-json\/wp\/v2\/pages"}],"about":[{"href":"https:\/\/rsb.musin.de\/wordpress\/wp-json\/wp\/v2\/types\/page"}],"author":[{"embeddable":true,"href":"https:\/\/rsb.musin.de\/wordpress\/wp-json\/wp\/v2\/users\/1"}],"replies":[{"embeddable":true,"href":"https:\/\/rsb.musin.de\/wordpress\/wp-json\/wp\/v2\/comments?post=266"}],"version-history":[{"count":0,"href":"https:\/\/rsb.musin.de\/wordpress\/wp-json\/wp\/v2\/pages\/266\/revisions"}],"wp:featuredmedia":[{"embeddable":true,"href":"https:\/\/rsb.musin.de\/wordpress\/wp-json\/wp\/v2\/media\/259"}],"wp:attachment":[{"href":"https:\/\/rsb.musin.de\/wordpress\/wp-json\/wp\/v2\/media?parent=266"}],"curies":[{"name":"wp","href":"https:\/\/api.w.org\/{rel}","templated":true}]}}