{"id":531,"date":"2015-06-18T22:39:11","date_gmt":"2015-06-18T20:39:11","guid":{"rendered":"http:\/\/www.rsb.musin.de\/wordpress\/hausordnung\/"},"modified":"2022-12-06T22:11:03","modified_gmt":"2022-12-06T21:11:03","slug":"hausordnung","status":"publish","type":"page","link":"https:\/\/rsb.musin.de\/wordpress\/hausordnung\/","title":{"rendered":"Hausordnung"},"content":{"rendered":"<p style=\"text-align: center;\"><strong>Die Einhaltung der Hausordnung ist die Verantwortung aller!<\/strong><\/p>\n<h3>Umgangsregeln<\/h3>\n<ol>\n<li>Wir sorgen f\u00fcr eine ruhige Arbeitsatmosph\u00e4re.<\/li>\n<li>Alle w\u00e4hlen einen angemessenen und respektvollen Umgangston.<\/li>\n<li>Auf den G\u00e4ngen herrscht Ruhe. In entsprechend gekennzeichneten SoL-Bereichen wird leise (Stillarbeit) oder in ged\u00e4mpfter Arbeitsatmosph\u00e4re gelernt.<\/li>\n<li>Wir gr\u00fc\u00dfen uns.<\/li>\n<\/ol>\n<h3>Verhaltensregeln<\/h3>\n<ol>\n<li>Unterrichtszeiten sind verbindlich einzuhalten.<\/li>\n<li>Die Klassenzimmer sind in den Pausen und AG-Stunden abgesperrt.<\/li>\n<li>Die Pausenregelung wird beachtet.<\/li>\n<li>Im Schulgeb\u00e4ude sind Kopfbedeckungen abzunehmen und Kopf-\/Ohrh\u00f6rer in den Taschen.<\/li>\n<li>&#8220;Im Schulgeb\u00e4ude und auf dem Schulgel\u00e4nde sind Mobilfunktelefone und sonstige digitale Speichermedien, die nicht zu Unterrichtszwecken verwendet werden, <span style=\"text-decoration: underline;\">auszuschalten<\/span>. Die unterrichtende oder die au\u00dferhalb des Unterrichts Aufsicht f\u00fchrende Lehrkraft kann Ausnahmen gestatten. Bei Zuwiderhandlung kann ein Mobilfunktelefon oder ein sonstiges digitales Speichermedium vor\u00fcbergehend einbehalten werden.&#8221; (BayEUG Art. 56 Rechte und Pflichten (5))<\/li>\n<li>Der Aufenthalt in Fachr\u00e4umen (IT-S\u00e4le, Klassenzimmern, Schulbibliothek usw.) ist nur mit Aufsicht erlaubt.<\/li>\n<li>Im Schulhaus wird nicht gerannt.<\/li>\n<li>Toilettengang nur in den Zwischenstunden bzw. Pausen, gegebenenfalls werden nat\u00fcrlich Ausnahmen gemacht.<\/li>\n<li>Sekreteriatsgang nur in den Pausen sowie vor 8 und nach Unterrichtsschluss.<\/li>\n<li>Schulfremde Personen melden sich \u2013 auch wenn Mitsch\u00fclern bekannt \u2013 im Sekretariat an.<\/li>\n<li>Fahrr\u00e4der werden auf dem Schulgel\u00e4nde geschoben.<\/li>\n<li>Die Klassenzimmer werden bei Bedarf gekehrt, mindestens aber zur letzten Stunde. Dann werden auch die Fenster geschlossen und die St\u00fchle hochgestellt!<\/li>\n<li>Die Lehrkr\u00e4fte beenden den Unterricht.<\/li>\n<li>Wir achten auf das gemeinsame Eigentum\/Schuleigentum.<\/li>\n<li>Sch\u00e4den am Schuleigentum sind umgehend zu melden.<\/li>\n<li>Mutwillige Besch\u00e4digungen werden disziplinarisch geahndet!<\/li>\n<\/ol>\n","protected":false},"excerpt":{"rendered":"<p>Die Einhaltung der Hausordnung ist die Verantwortung aller! Umgangsregeln Wir sorgen f\u00fcr eine ruhige Arbeitsatmosph\u00e4re. Alle w\u00e4hlen einen angemessenen und respektvollen Umgangston. Auf den G\u00e4ngen herrscht Ruhe. In entsprechend gekennzeichneten SoL-Bereichen wird leise (Stillarbeit) oder in ged\u00e4mpfter Arbeitsatmosph\u00e4re gelernt. Wir gr\u00fc\u00dfen uns. Verhaltensregeln Unterrichtszeiten sind verbindlich einzuhalten. Die Klassenzimmer sind in den Pausen und AG-Stunden [&hellip;]<\/p>\n","protected":false},"author":1,"featured_media":0,"parent":0,"menu_order":12,"comment_status":"closed","ping_status":"closed","template":"","meta":{"ocean_post_layout":"","ocean_both_sidebars_style":"","ocean_both_sidebars_content_width":0,"ocean_both_sidebars_sidebars_width":0,"ocean_sidebar":"0","ocean_second_sidebar":"0","ocean_disable_margins":"enable","ocean_add_body_class":"","ocean_shortcode_before_top_bar":"","ocean_shortcode_after_top_bar":"","ocean_shortcode_before_header":"","ocean_shortcode_after_header":"","ocean_has_shortcode":"","ocean_shortcode_after_title":"","ocean_shortcode_before_footer_widgets":"","ocean_shortcode_after_footer_widgets":"","ocean_shortcode_before_footer_bottom":"","ocean_shortcode_after_footer_bottom":"","ocean_display_top_bar":"default","ocean_display_header":"default","ocean_header_style":"","ocean_center_header_left_menu":"0","ocean_custom_header_template":"0","ocean_custom_logo":0,"ocean_custom_retina_logo":0,"ocean_custom_logo_max_width":0,"ocean_custom_logo_tablet_max_width":0,"ocean_custom_logo_mobile_max_width":0,"ocean_custom_logo_max_height":0,"ocean_custom_logo_tablet_max_height":0,"ocean_custom_logo_mobile_max_height":0,"ocean_header_custom_menu":"0","ocean_menu_typo_font_family":"0","ocean_menu_typo_font_subset":"","ocean_menu_typo_font_size":0,"ocean_menu_typo_font_size_tablet":0,"ocean_menu_typo_font_size_mobile":0,"ocean_menu_typo_font_size_unit":"px","ocean_menu_typo_font_weight":"","ocean_menu_typo_font_weight_tablet":"","ocean_menu_typo_font_weight_mobile":"","ocean_menu_typo_transform":"","ocean_menu_typo_transform_tablet":"","ocean_menu_typo_transform_mobile":"","ocean_menu_typo_line_height":0,"ocean_menu_typo_line_height_tablet":0,"ocean_menu_typo_line_height_mobile":0,"ocean_menu_typo_line_height_unit":"","ocean_menu_typo_spacing":0,"ocean_menu_typo_spacing_tablet":0,"ocean_menu_typo_spacing_mobile":0,"ocean_menu_typo_spacing_unit":"","ocean_menu_link_color":"","ocean_menu_link_color_hover":"","ocean_menu_link_color_active":"","ocean_menu_link_background":"","ocean_menu_link_hover_background":"","ocean_menu_link_active_background":"","ocean_menu_social_links_bg":"","ocean_menu_social_hover_links_bg":"","ocean_menu_social_links_color":"","ocean_menu_social_hover_links_color":"","ocean_disable_title":"default","ocean_disable_heading":"default","ocean_post_title":"","ocean_post_subheading":"","ocean_post_title_style":"","ocean_post_title_background_color":"","ocean_post_title_background":0,"ocean_post_title_bg_image_position":"","ocean_post_title_bg_image_attachment":"","ocean_post_title_bg_image_repeat":"","ocean_post_title_bg_image_size":"","ocean_post_title_height":0,"ocean_post_title_bg_overlay":0.5,"ocean_post_title_bg_overlay_color":"","ocean_disable_breadcrumbs":"default","ocean_breadcrumbs_color":"","ocean_breadcrumbs_separator_color":"","ocean_breadcrumbs_links_color":"","ocean_breadcrumbs_links_hover_color":"","ocean_display_footer_widgets":"default","ocean_display_footer_bottom":"default","ocean_custom_footer_template":"0","footnotes":""},"class_list":["post-531","page","type-page","status-publish","hentry","entry"],"yoast_head":"<!-- This site is optimized with the Yoast SEO plugin v26.7 - https:\/\/yoast.com\/wordpress\/plugins\/seo\/ -->\n<title>Hausordnung - Realschule an der Blutenburg<\/title>\n<meta name=\"robots\" content=\"index, follow, max-snippet:-1, max-image-preview:large, max-video-preview:-1\" \/>\n<link rel=\"canonical\" href=\"https:\/\/rsb.musin.de\/wordpress\/hausordnung\/\" \/>\n<meta property=\"og:locale\" content=\"de_DE\" \/>\n<meta property=\"og:type\" content=\"article\" \/>\n<meta property=\"og:title\" content=\"Hausordnung - Realschule an der Blutenburg\" \/>\n<meta property=\"og:description\" content=\"Die Einhaltung der Hausordnung ist die Verantwortung aller! Umgangsregeln Wir sorgen f\u00fcr eine ruhige Arbeitsatmosph\u00e4re. Alle w\u00e4hlen einen angemessenen und respektvollen Umgangston. Auf den G\u00e4ngen herrscht Ruhe. In entsprechend gekennzeichneten SoL-Bereichen wird leise (Stillarbeit) oder in ged\u00e4mpfter Arbeitsatmosph\u00e4re gelernt. Wir gr\u00fc\u00dfen uns. Verhaltensregeln Unterrichtszeiten sind verbindlich einzuhalten. Die Klassenzimmer sind in den Pausen und AG-Stunden [&hellip;]\" \/>\n<meta property=\"og:url\" content=\"https:\/\/rsb.musin.de\/wordpress\/hausordnung\/\" \/>\n<meta property=\"og:site_name\" content=\"Realschule an der Blutenburg\" \/>\n<meta property=\"article:modified_time\" content=\"2022-12-06T21:11:03+00:00\" \/>\n<meta name=\"twitter:card\" content=\"summary_large_image\" \/>\n<meta name=\"twitter:label1\" content=\"Gesch\u00e4tzte Lesezeit\" \/>\n\t<meta name=\"twitter:data1\" content=\"2\u00a0Minuten\" \/>\n<script type=\"application\/ld+json\" class=\"yoast-schema-graph\">{\"@context\":\"https:\/\/schema.org\",\"@graph\":[{\"@type\":\"WebPage\",\"@id\":\"https:\/\/rsb.musin.de\/wordpress\/hausordnung\/\",\"url\":\"https:\/\/rsb.musin.de\/wordpress\/hausordnung\/\",\"name\":\"Hausordnung - Realschule an der Blutenburg\",\"isPartOf\":{\"@id\":\"https:\/\/rsb.musin.de\/wordpress\/#website\"},\"datePublished\":\"2015-06-18T20:39:11+00:00\",\"dateModified\":\"2022-12-06T21:11:03+00:00\",\"breadcrumb\":{\"@id\":\"https:\/\/rsb.musin.de\/wordpress\/hausordnung\/#breadcrumb\"},\"inLanguage\":\"de\",\"potentialAction\":[{\"@type\":\"ReadAction\",\"target\":[\"https:\/\/rsb.musin.de\/wordpress\/hausordnung\/\"]}]},{\"@type\":\"BreadcrumbList\",\"@id\":\"https:\/\/rsb.musin.de\/wordpress\/hausordnung\/#breadcrumb\",\"itemListElement\":[{\"@type\":\"ListItem\",\"position\":1,\"name\":\"Startseite\",\"item\":\"https:\/\/rsb.musin.de\/wordpress\/\"},{\"@type\":\"ListItem\",\"position\":2,\"name\":\"Hausordnung\"}]},{\"@type\":\"WebSite\",\"@id\":\"https:\/\/rsb.musin.de\/wordpress\/#website\",\"url\":\"https:\/\/rsb.musin.de\/wordpress\/\",\"name\":\"Realschule an der Blutenburg\",\"description\":\"Realschule im M\u00fcnchner Westen\",\"publisher\":{\"@id\":\"https:\/\/rsb.musin.de\/wordpress\/#organization\"},\"potentialAction\":[{\"@type\":\"SearchAction\",\"target\":{\"@type\":\"EntryPoint\",\"urlTemplate\":\"https:\/\/rsb.musin.de\/wordpress\/?s={search_term_string}\"},\"query-input\":{\"@type\":\"PropertyValueSpecification\",\"valueRequired\":true,\"valueName\":\"search_term_string\"}}],\"inLanguage\":\"de\"},{\"@type\":\"Organization\",\"@id\":\"https:\/\/rsb.musin.de\/wordpress\/#organization\",\"name\":\"Realschule an der Blutenburg\",\"url\":\"https:\/\/rsb.musin.de\/wordpress\/\",\"logo\":{\"@type\":\"ImageObject\",\"inLanguage\":\"de\",\"@id\":\"https:\/\/rsb.musin.de\/wordpress\/#\/schema\/logo\/image\/\",\"url\":\"http:\/\/www.rsb.musin.de\/wordpress\/wp-content\/uploads\/2022\/01\/favicon.png\",\"contentUrl\":\"http:\/\/www.rsb.musin.de\/wordpress\/wp-content\/uploads\/2022\/01\/favicon.png\",\"width\":180,\"height\":180,\"caption\":\"Realschule an der Blutenburg\"},\"image\":{\"@id\":\"https:\/\/rsb.musin.de\/wordpress\/#\/schema\/logo\/image\/\"}}]}<\/script>\n<!-- \/ Yoast SEO plugin. -->","yoast_head_json":{"title":"Hausordnung - Realschule an der Blutenburg","robots":{"index":"index","follow":"follow","max-snippet":"max-snippet:-1","max-image-preview":"max-image-preview:large","max-video-preview":"max-video-preview:-1"},"canonical":"https:\/\/rsb.musin.de\/wordpress\/hausordnung\/","og_locale":"de_DE","og_type":"article","og_title":"Hausordnung - Realschule an der Blutenburg","og_description":"Die Einhaltung der Hausordnung ist die Verantwortung aller! Umgangsregeln Wir sorgen f\u00fcr eine ruhige Arbeitsatmosph\u00e4re. Alle w\u00e4hlen einen angemessenen und respektvollen Umgangston. Auf den G\u00e4ngen herrscht Ruhe. In entsprechend gekennzeichneten SoL-Bereichen wird leise (Stillarbeit) oder in ged\u00e4mpfter Arbeitsatmosph\u00e4re gelernt. Wir gr\u00fc\u00dfen uns. Verhaltensregeln Unterrichtszeiten sind verbindlich einzuhalten. Die Klassenzimmer sind in den Pausen und AG-Stunden [&hellip;]","og_url":"https:\/\/rsb.musin.de\/wordpress\/hausordnung\/","og_site_name":"Realschule an der Blutenburg","article_modified_time":"2022-12-06T21:11:03+00:00","twitter_card":"summary_large_image","twitter_misc":{"Gesch\u00e4tzte Lesezeit":"2\u00a0Minuten"},"schema":{"@context":"https:\/\/schema.org","@graph":[{"@type":"WebPage","@id":"https:\/\/rsb.musin.de\/wordpress\/hausordnung\/","url":"https:\/\/rsb.musin.de\/wordpress\/hausordnung\/","name":"Hausordnung - Realschule an der Blutenburg","isPartOf":{"@id":"https:\/\/rsb.musin.de\/wordpress\/#website"},"datePublished":"2015-06-18T20:39:11+00:00","dateModified":"2022-12-06T21:11:03+00:00","breadcrumb":{"@id":"https:\/\/rsb.musin.de\/wordpress\/hausordnung\/#breadcrumb"},"inLanguage":"de","potentialAction":[{"@type":"ReadAction","target":["https:\/\/rsb.musin.de\/wordpress\/hausordnung\/"]}]},{"@type":"BreadcrumbList","@id":"https:\/\/rsb.musin.de\/wordpress\/hausordnung\/#breadcrumb","itemListElement":[{"@type":"ListItem","position":1,"name":"Startseite","item":"https:\/\/rsb.musin.de\/wordpress\/"},{"@type":"ListItem","position":2,"name":"Hausordnung"}]},{"@type":"WebSite","@id":"https:\/\/rsb.musin.de\/wordpress\/#website","url":"https:\/\/rsb.musin.de\/wordpress\/","name":"Realschule an der Blutenburg","description":"Realschule im M\u00fcnchner Westen","publisher":{"@id":"https:\/\/rsb.musin.de\/wordpress\/#organization"},"potentialAction":[{"@type":"SearchAction","target":{"@type":"EntryPoint","urlTemplate":"https:\/\/rsb.musin.de\/wordpress\/?s={search_term_string}"},"query-input":{"@type":"PropertyValueSpecification","valueRequired":true,"valueName":"search_term_string"}}],"inLanguage":"de"},{"@type":"Organization","@id":"https:\/\/rsb.musin.de\/wordpress\/#organization","name":"Realschule an der Blutenburg","url":"https:\/\/rsb.musin.de\/wordpress\/","logo":{"@type":"ImageObject","inLanguage":"de","@id":"https:\/\/rsb.musin.de\/wordpress\/#\/schema\/logo\/image\/","url":"http:\/\/www.rsb.musin.de\/wordpress\/wp-content\/uploads\/2022\/01\/favicon.png","contentUrl":"http:\/\/www.rsb.musin.de\/wordpress\/wp-content\/uploads\/2022\/01\/favicon.png","width":180,"height":180,"caption":"Realschule an der Blutenburg"},"image":{"@id":"https:\/\/rsb.musin.de\/wordpress\/#\/schema\/logo\/image\/"}}]}},"_links":{"self":[{"href":"https:\/\/rsb.musin.de\/wordpress\/wp-json\/wp\/v2\/pages\/531","targetHints":{"allow":["GET"]}}],"collection":[{"href":"https:\/\/rsb.musin.de\/wordpress\/wp-json\/wp\/v2\/pages"}],"about":[{"href":"https:\/\/rsb.musin.de\/wordpress\/wp-json\/wp\/v2\/types\/page"}],"author":[{"embeddable":true,"href":"https:\/\/rsb.musin.de\/wordpress\/wp-json\/wp\/v2\/users\/1"}],"replies":[{"embeddable":true,"href":"https:\/\/rsb.musin.de\/wordpress\/wp-json\/wp\/v2\/comments?post=531"}],"version-history":[{"count":3,"href":"https:\/\/rsb.musin.de\/wordpress\/wp-json\/wp\/v2\/pages\/531\/revisions"}],"predecessor-version":[{"id":4711,"href":"https:\/\/rsb.musin.de\/wordpress\/wp-json\/wp\/v2\/pages\/531\/revisions\/4711"}],"wp:attachment":[{"href":"https:\/\/rsb.musin.de\/wordpress\/wp-json\/wp\/v2\/media?parent=531"}],"curies":[{"name":"wp","href":"https:\/\/api.w.org\/{rel}","templated":true}]}}